-- --------------------------------------------------------
-- Hôte:                         127.0.0.1
-- Version du serveur:           8.0.30 - MySQL Community Server - GPL
-- SE du serveur:                Win64
-- HeidiSQL Version:             12.1.0.6537
-- --------------------------------------------------------

/*!40101 SET @OLD_CHARACTER_SET_CLIENT=@@CHARACTER_SET_CLIENT */;
/*!40101 SET NAMES utf8 */;
/*!50503 SET NAMES utf8mb4 */;
/*!40103 SET @OLD_TIME_ZONE=@@TIME_ZONE */;
/*!40103 SET TIME_ZONE='+00:00' */;
/*!40014 SET @OLD_FOREIGN_KEY_CHECKS=@@FOREIGN_KEY_CHECKS, FOREIGN_KEY_CHECKS=0 */;
/*!40101 SET @OLD_SQL_MODE=@@SQL_MODE, SQL_MODE='NO_AUTO_VALUE_ON_ZERO' */;
/*!40111 SET @OLD_SQL_NOTES=@@SQL_NOTES, SQL_NOTES=0 */;


-- Listage de la structure de la base pour web_service_project_mk_lm
CREATE DATABASE IF NOT EXISTS `web_service_project_mk_lm` /*!40100 DEFAULT CHARACTER SET utf8mb4 COLLATE utf8mb4_0900_ai_ci */ /*!80016 DEFAULT ENCRYPTION='N' */;
USE `web_service_project_mk_lm`;

-- Listage de la structure de table web_service_project_mk_lm. city
CREATE TABLE IF NOT EXISTS `city` (
  `id` int NOT NULL AUTO_INCREMENT,
  `name` varchar(50) DEFAULT NULL,
  `country` varchar(50) DEFAULT NULL,
  PRIMARY KEY (`id`)
) ENGINE=InnoDB AUTO_INCREMENT=81 DEFAULT CHARSET=utf8mb4 COLLATE=utf8mb4_0900_ai_ci;

-- Listage des données de la table web_service_project_mk_lm.city : ~80 rows (environ)
REPLACE INTO `city` (`id`, `name`, `country`) VALUES
	(1, 'Paris', 'France'),
	(2, 'Marseille', 'France'),
	(3, 'Lyon', 'France'),
	(4, 'Montpellier', 'France'),
	(5, 'Berlin', 'Allemagne'),
	(6, 'Hambourg', 'Allemagne'),
	(7, 'Munich', 'Allemagne'),
	(8, 'Madrid', 'Espagne'),
	(9, 'Barcelone', 'Espagne'),
	(10, 'Valence', 'Espagne'),
	(11, 'Varsovie', 'Pologne'),
	(12, 'Cracovie', 'Pologne'),
	(13, 'Łódź', 'Pologne'),
	(14, 'Bucarest', 'Roumanie'),
	(15, 'Cluj-Napoca', 'Roumanie'),
	(16, 'Genève', 'Suisse'),
	(17, 'Bâle', 'Suisse'),
	(18, 'Porto', 'Portugal'),
	(19, 'Vila Nova de Gaia', 'Portugal'),
	(20, 'Vila Franca de Xira', 'Portugal'),
	(21, 'Moscou', 'Russie'),
	(22, 'Saint-Pétersbourg', 'Russie');


-- Listage de la structure de table web_service_project_mk_lm. client
CREATE TABLE IF NOT EXISTS `client` (
  `id` int NOT NULL AUTO_INCREMENT,
  `name` varchar(50) DEFAULT NULL,
  `surname` varchar(50) DEFAULT NULL,
  `identifiant` varchar(50) DEFAULT NULL,
  `email` varchar(50) DEFAULT NULL,
  `mdp` varchar(250) DEFAULT NULL,
  PRIMARY KEY (`id`)
) ENGINE=InnoDB AUTO_INCREMENT=11 DEFAULT CHARSET=utf8mb4 COLLATE=utf8mb4_0900_ai_ci;

-- Listage des données de la table web_service_project_mk_lm.client : ~10 rows (environ)
REPLACE INTO `client` (`id`, `name`, `surname`, `identifiant`, `email`, `mdp`) VALUES
	(1, 'John', 'Doe', 'johndoe', 'john@example.com', 'mdp'),
	(2, 'Jane', 'Smith', 'janesmith', 'jane@example.com', 'mdp'),
	(3, 'Robert', 'Johnson', 'robertjohnson', 'robert@example.com', 'mdp'),
	(4, 'Emily', 'Davis', 'emilydavis', 'emily@example.com', 'mdp'),
	(5, 'Michael', 'Brown', 'michaelbrown', 'michael@example.com', 'mdp'),
	(6, 'Sarah', 'Lee', 'sarahlee', 'sarah@example.com', 'mdp'),
	(7, 'William', 'Clark', 'williamclark', 'william@example.com', 'mdp'),
	(8, 'Jennifer', 'Wilson', 'jenniferwilson', 'jennifer@example.com', 'mdp'),
	(9, 'David', 'Martinez', 'davidmartinez', 'david@example.com', 'mdp'),
	(10, 'Mary', 'Taylor', 'marytaylor', 'mary@example.com', 'mdp');
-- Listage de la structure de table web_service_project_mk_lm. ticket
CREATE TABLE IF NOT EXISTS `ticket` (
  `id` int NOT NULL AUTO_INCREMENT,
  `price` varchar(50) DEFAULT NULL,
  `id_type_class` int DEFAULT NULL,
  `id_trajet` int NOT NULL,
  `id_client` int DEFAULT NULL,
  PRIMARY KEY (`id`),
  KEY `id_type_class` (`id_type_class`),
  KEY `id_trajet` (`id_trajet`),
  KEY `id_client` (`id_client`),
  CONSTRAINT `ticket_ibfk_1` FOREIGN KEY (`id_type_class`) REFERENCES `type_class` (`id`),
  CONSTRAINT `ticket_ibfk_2` FOREIGN KEY (`id_trajet`) REFERENCES `trajet` (`id`),
  CONSTRAINT `ticket_ibfk_3` FOREIGN KEY (`id_client`) REFERENCES `client` (`id`)
) ENGINE=InnoDB DEFAULT CHARSET=utf8mb4 COLLATE=utf8mb4_0900_ai_ci;

-- Listage des données de la table web_service_project_mk_lm.ticket : ~0 rows (environ)

-- Listage de la structure de table web_service_project_mk_lm. train
CREATE TABLE IF NOT EXISTS `train` (
  `id` int NOT NULL AUTO_INCREMENT,
  `name` varchar(50) DEFAULT NULL,
  `nb_place_all` smallint DEFAULT NULL,
  `nb_premium` int DEFAULT NULL,
  `nb_standard` int DEFAULT NULL,
  `nb_first` int DEFAULT NULL,
  PRIMARY KEY (`id`)
) ENGINE=InnoDB AUTO_INCREMENT=16 DEFAULT CHARSET=utf8mb4 COLLATE=utf8mb4_0900_ai_ci;

-- Listage des données de la table web_service_project_mk_lm.train : ~10 rows (environ)
REPLACE INTO `train` (`id`, `name`, `nb_place_all`, `nb_premium`, `nb_standard`, `nb_first`) VALUES
	(1, 'Train_1', 553, 190, 300, 63),
    (2, 'Train_2', 600, 200, 300, 100),
    (3, 'Train_3', 600, 200, 300, 100),
    (4, 'Train_4', 630, 230, 350, 50),
    (5, 'Train_5', 540, 160, 280, 100),
    (6, 'Train_6', 600, 200, 300, 100),
    (7, 'Train_7', 600, 200, 300, 100),
    (8, 'Train_8', 630, 230, 350, 50),
    (9, 'Train_9', 620, 250, 300, 70),
    (10, 'Train_10', 553, 190, 300, 63),
    (11, 'Train_11', 620, 250, 300, 70),
    (12, 'Train_12', 600, 200, 300, 100),
    (13, 'Train_13', 553, 190, 300, 63),
    (14, 'Train_14', 630, 230, 350, 50),
    (15, 'Train_15', 620, 250, 300, 70),
    (16, 'Train_16', 553, 190, 300, 63),
    (17, 'Train_17', 630, 230, 350, 50),
    (18, 'Train_18', 553, 190, 300, 63),
    (19, 'Train_19', 630, 230, 350, 50),
    (20, 'Train_20', 600, 200, 300, 100),
    (21, 'Train_21', 630, 230, 350, 50);

-- Listage de la structure de table web_service_project_mk_lm. trajet
CREATE TABLE IF NOT EXISTS `trajet` (
  `id` int NOT NULL AUTO_INCREMENT,
  `start_date` date NOT NULL,
  `arrival_date` date NOT NULL,
  `start_hour` time NOT NULL,
  `arrival_hour` time NOT NULL,
  `id_train` int DEFAULT NULL,
  `id_start_city` int DEFAULT NULL,
  `id_arrival_city` int DEFAULT NULL,
  `nb_premium_reserved` INT DEFAULT 0,
  `nb_standard_reserved` INT DEFAULT 0,
  `nb_first_reserved` INT DEFAULT 0,
  PRIMARY KEY (`id`),
  KEY `id_train` (`id_train`),
  KEY `id_start_city` (`id_start_city`),
  KEY `id_arrival_city` (`id_arrival_city`),
  CONSTRAINT `trajet_ibfk_1` FOREIGN KEY (`id_train`) REFERENCES `train` (`id`),
  CONSTRAINT `trajet_ibfk_2` FOREIGN KEY (`id_start_city`) REFERENCES `city` (`id`),
  CONSTRAINT `trajet_ibfk_3` FOREIGN KEY (`id_arrival_city`) REFERENCES `city` (`id`)
) ENGINE=InnoDB AUTO_INCREMENT=99 DEFAULT CHARSET=utf8mb4 COLLATE=utf8mb4_0900_ai_ci;

-- Listage des données de la table web_service_project_mk_lm.trajet : ~50 rows (environ)
REPLACE INTO `trajet` (`id`, `start_date`, `arrival_date`, `start_hour`, `arrival_hour`, `id_train`, `id_start_city`, `id_arrival_city`) VALUES
	(1, '2024-01-27', '2024-01-28', '18:41:00', '00:41:00', 12, 2, 8),
	(2, '2024-01-13', '2024-01-13', '17:57:00', '23:57:00', 2, 13, 1),
	(3, '2024-01-05', '2024-01-05', '15:11:00', '21:11:00', 6, 14, 18),
	(4, '2024-01-08', '2024-01-08', '10:14:00', '16:14:00', 17, 17, 10),
	(5, '2024-01-07', '2024-01-07', '6:41:00', '12:41:00', 2, 4, 11),
	(6, '2024-01-07', '2024-01-07', '10:23:00', '16:23:00', 8, 22, 12),
	(7, '2024-01-17', '2024-01-17', '6:40:00', '12:40:00', 17, 15, 13),
	(8, '2024-01-15', '2024-01-15', '15:35:00', '21:35:00', 8, 16, 11),
	(9, '2024-01-20', '2024-01-20', '12:05:00', '18:05:00', 14, 15, 5),
	(10, '2024-01-06', '2024-01-06', '9:22:00', '15:22:00', 2, 5, 3),
	(11, '2024-01-10', '2024-01-10', '11:30:00', '17:30:00', 16, 8, 6),
	(12, '2024-01-04', '2024-01-04', '13:47:00', '19:47:00', 13, 2, 1),
	(13, '2024-01-11', '2024-01-11', '7:55:00', '13:55:00', 11, 20, 14),
	(14, '2024-01-12', '2024-01-12', '16:20:00', '22:20:00', 1, 11, 7),
	(15, '2024-01-05', '2024-01-05', '18:33:00', '00:33:00', 9, 3, 19),
	(16, '2024-01-08', '2024-01-08', '14:08:00', '20:08:00', 5, 1, 4),
	(17, '2024-01-09', '2024-01-09', '10:50:00', '16:50:00', 3, 6, 18),
	(18, '2024-01-13', '2024-01-13', '15:15:00', '21:15:00', 6, 17, 21),
	(19, '2024-01-14', '2024-01-14', '9:00:00', '15:00:00', 12, 7, 20),
	(20, '2024-01-01', '2024-01-01', '11:25:00', '17:25:00', 10, 9, 16),
	(21, '2024-01-25', '2024-01-25', '17:10:00', '23:10:00', 2, 1, 3),
	(22, '2024-01-30', '2024-01-30', '11:36:00', '17:36:00', 17, 15, 13),
	(23, '2024-01-23', '2024-01-23', '16:30:00', '22:30:00', 17, 4, 5),
	(24, '2024-01-09', '2024-01-09', '8:14:00', '14:14:00', 6, 13, 2),
	(25, '2024-01-24', '2024-01-25', '20:30:00', '02:30:00', 7, 7, 8),
	(26, '2024-01-22', '2024-01-22', '7:45:00', '13:45:00', 3, 22, 17),
	(27, '2024-01-18', '2024-01-18', '9:20:00', '15:20:00', 4, 10, 6),
	(28, '2024-01-12', '2024-01-12', '18:50:00', '00:50:00', 8, 9, 11),
	(29, '2024-01-15', '2024-01-15', '6:55:00', '12:55:00', 19, 12, 16),
	(30, '2024-01-14', '2024-01-14', '10:00:00', '16:00:00', 5, 20, 3),
	(31, '2024-01-19', '2024-01-19', '14:10:00', '20:10:00', 11, 2, 14),
	(32, '2024-01-28', '2024-01-28', '12:30:00', '18:30:00', 20, 18, 1),
	(33, '2024-01-16', '2024-01-16', '9:40:00', '15:40:00', 14, 5, 10),
	(34, '2024-01-11', '2024-01-11', '13:15:00', '19:15:00', 1, 8, 4),
	(35, '2024-01-20', '2024-01-20', '15:05:00', '21:05:00', 15, 3, 7),
	(36, '2024-01-06', '2024-01-06', '19:30:00', '01:30:00', 16, 21, 19),
	(37, '2024-01-04', '2024-01-04', '8:25:00', '14:25:00', 10, 17, 9),
	(38, '2024-01-03', '2024-01-03', '7:50:00', '13:50:00', 9, 6, 15),
	(39, '2024-01-01', '2024-01-01', '11:10:00', '17:10:00', 13, 11, 20),
	(40, '2024-01-02', '2024-01-02', '16:45:00', '22:45:00', 18, 14, 12),
	(41, '2024-01-01', '2024-01-01', '9:47:00', '15:47:00', 13, 9, 6),
	(42, '2024-01-08', '2024-01-09', '20:42:00', '02:42:00', 18, 15, 14),
	(43, '2024-01-04', '2024-01-04', '14:37:00', '20:37:00', 19, 10, 8),
	(44, '2024-01-29', '2024-01-30', '19:50:00', '01:50:00', 8, 17, 2),
	(45, '2024-01-27', '2024-01-27', '11:29:00', '17:29:00', 16, 11, 2),
	(46, '2024-01-14', '2024-01-14', '8:16:00', '14:16:00', 5, 4, 21),
	(47, '2024-01-03', '2024-01-03', '18:30:00', '00:30:00', 14, 12, 19),
	(48, '2024-01-10', '2024-01-10', '10:45:00', '16:45:00', 11, 1, 5),
	(49, '2024-01-23', '2024-01-23', '17:15:00', '23:15:00', 7, 22, 18),
	(50, '2024-01-05', '2024-01-05', '7:20:00', '13:20:00', 3, 16, 7),
	(51, '2024-01-12', '2024-01-12', '16:05:00', '22:05:00', 20, 3, 13),
	(52, '2024-01-06', '2024-01-06', '13:30:00', '19:30:00', 1, 14, 20),
	(53, '2024-01-15', '2024-01-15', '9:55:00', '15:55:00', 2, 6, 9),
	(54, '2024-01-17', '2024-01-17', '18:40:00', '00:40:00', 10, 8, 12),
	(55, '2024-01-19', '2024-01-19', '12:10:00', '18:10:00', 9, 2, 11),
	(56, '2024-01-20', '2024-01-20', '15:25:00', '21:25:00', 6, 7, 17),
	(57, '2024-01-21', '2024-01-21', '6:35:00', '12:35:00', 17, 19, 3),
	(58, '2024-01-13', '2024-01-13', '20:50:00', '02:50:00', 15, 13, 16),
	(59, '2024-01-02', '2024-01-02', '14:20:00', '20:20:00', 4, 5, 10),
	(60, '2024-01-07', '2024-01-07', '10:00:00', '16:00:00', 12, 18, 14),
	(61, '2024-01-27', '2024-01-27', '13:22:00', '19:22:00', 20, 18, 17),
	(62, '2024-01-09', '2024-01-09', '15:50:00', '21:50:00', 19, 8, 22),
	(63, '2024-01-16', '2024-01-16', '16:25:00', '22:25:00', 10, 11, 2),
	(64, '2024-01-12', '2024-01-12', '7:55:00', '13:55:00', 14, 6, 7),
	(65, '2024-01-08', '2024-01-08', '16:54:00', '22:54:00', 4, 8, 10),
	(66, '2024-01-04', '2024-01-04', '18:10:00', '00:10:00', 13, 5, 14),
	(67, '2024-01-15', '2024-01-15', '9:30:00', '15:30:00', 7, 16, 12),
	(68, '2024-01-14', '2024-01-14', '8:20:00', '14:20:00', 2, 10, 9),
	(69, '2024-01-11', '2024-01-11', '10:45:00', '16:45:00', 15, 13, 1),
	(70, '2024-01-06', '2024-01-06', '14:05:00', '20:05:00', 11, 21, 20),
	(71, '2024-01-05', '2024-01-05', '12:15:00', '18:15:00', 8, 4, 3),
	(72, '2024-01-30', '2024-01-30', '17:40:00', '23:40:00', 5, 19, 6),
	(73, '2024-01-26', '2024-01-26', '11:50:00', '17:50:00', 3, 7, 15),
	(74, '2024-01-03', '2024-01-03', '16:35:00', '22:35:00', 1, 17, 11),
	(75, '2024-01-20', '2024-01-20', '19:25:00', '01:25:00', 6, 12, 22),
	(76, '2024-01-13', '2024-01-13', '7:45:00', '13:45:00', 9, 2, 18),
	(77, '2024-01-02', '2024-01-02', '15:55:00', '21:55:00', 12, 9, 16),
	(78, '2024-01-01', '2024-01-01', '10:30:00', '16:30:00', 16, 14, 5),
	(79, '2024-01-25', '2024-01-25', '13:10:00', '19:10:00', 17, 1, 13),
	(80, '2024-01-07', '2024-01-07', '9:00:00', '15:00:00', 18, 15, 4),
	(81, '2024-01-14', '2024-01-14', '15:39:00', '21:39:00', 2, 3, 1),
	(82, '2024-01-11', '2024-01-11', '10:04:00', '16:04:00', 7, 9, 7),
	(83, '2024-01-07', '2024-01-07', '7:10:00', '13:10:00', 5, 17, 13),
	(84, '2024-01-15', '2024-01-15', '16:43:00', '22:43:00', 6, 15, 12),
	(85, '2024-01-06', '2024-01-06', '10:23:00', '16:23:00', 10, 16, 14),
	(86, '2024-01-02', '2024-01-02', '9:57:00', '15:57:00', 8, 5, 11),
	(87, '2024-01-09', '2024-01-09', '14:36:00', '20:36:00', 11, 6, 20),
	(88, '2024-01-05', '2024-01-05', '18:45:00', '00:45:00', 1, 14, 2),
	(89, '2024-01-01', '2024-01-01', '13:20:00', '19:20:00', 3, 21, 18),
	(90, '2024-01-04', '2024-01-04', '11:55:00', '17:55:00', 9, 13, 16),
	(91, '2024-01-29', '2024-01-29', '16:30:00', '22:30:00', 12, 22, 8),
	(92, '2024-01-03', '2024-01-03', '12:10:00', '18:10:00', 4, 12, 19),
	(93, '2024-01-30', '2024-01-30', '8:00:00', '14:00:00', 13, 8, 4),
	(94, '2024-01-28', '2024-01-28', '17:15:00', '23:15:00', 14, 10, 17),
	(95, '2024-01-13', '2024-01-13', '19:50:00', '01:50:00', 16, 7, 3),
	(96, '2024-01-12', '2024-01-12', '14:05:00', '20:05:00', 15, 1, 5),
	(97, '2024-01-10', '2024-01-10', '7:30:00', '13:30:00', 17, 20, 9),
	(98, '2024-01-08', '2024-01-08', '15:10:00', '21:10:00', 18, 4, 15),
	(99, '2024-01-18', '2024-01-18', '9:40:00', '15:40:00', 19, 2, 6),
	(100, '2024-01-17', '2024-01-17', '18:25:00', '00:25:00', 20, 11, 10),
	(101, '2024-01-07', '2024-01-08', '18:28:00', '00:28:00', 4, 18, 17),
	(102, '2024-01-14', '2024-01-14', '17:30:00', '23:30:00', 6, 22, 18),
	(103, '2024-01-13', '2024-01-13', '15:52:00', '21:52:00', 6, 9, 13),
	(104, '2024-01-28', '2024-01-28', '12:33:00', '18:33:00', 5, 22, 18),
	(105, '2024-01-03', '2024-01-03', '9:16:00', '15:16:00', 11, 18, 16),
	(106, '2024-01-16', '2024-01-16', '14:47:00', '20:47:00', 10, 2, 5),
	(107, '2024-01-12', '2024-01-12', '11:02:00', '17:02:00', 3, 14, 12),
	(108, '2024-01-01', '2024-01-01', '7:50:00', '13:50:00', 17, 7, 15),
	(109, '2024-01-20', '2024-01-20', '13:45:00', '19:45:00', 8, 16, 10),
	(110, '2024-01-10', '2024-01-10', '19:10:00', '01:10:00', 14, 20, 4),
	(111, '2024-01-11', '2024-01-11', '16:55:00', '22:55:00', 7, 5, 21),
	(112, '2024-01-08', '2024-01-08', '10:30:00', '16:30:00', 13, 19, 6),
	(113, '2024-01-09', '2024-01-09', '8:25:00', '14:25:00', 9, 3, 11),
	(114, '2024-01-04', '2024-01-04', '15:38:00', '21:38:00', 12, 1, 22),
	(115, '2024-01-05', '2024-01-05', '18:11:00', '00:11:00', 15, 8, 17),
	(116, '2024-01-06', '2024-01-06', '12:40:00', '18:40:00', 16, 13, 7),
	(117, '2024-01-15', '2024-01-15', '9:08:00', '15:08:00', 19, 4, 9),
	(118, '2024-01-17', '2024-01-17', '14:20:00', '20:20:00', 20, 6, 13),
	(119, '2024-01-18', '2024-01-18', '10:55:00', '16:55:00', 18, 12, 3),
	(120, '2024-01-19', '2024-01-19', '17:05:00', '23:05:00', 2, 11, 20),
	(121, '2024-01-16', '2024-01-16', '13:30:00', '19:30:00', 20, 19, 17),
	(121, '2024-01-16', '2024-01-16', '13:30:00', '19:30:00', 20, 19, 17),
	(122, '2024-01-04', '2024-01-04', '7:02:00', '13:02:00', 20, 15, 1),
	(123, '2024-01-16', '2024-01-16', '8:27:00', '14:27:00', 12, 17, 9),
	(124, '2024-01-04', '2024-01-04', '9:22:00', '15:22:00', 16, 6, 12),
	(125, '2024-01-15', '2024-01-15', '16:21:00', '22:21:00', 10, 19, 21),
	(126, '2024-01-10', '2024-01-10', '11:05:00', '17:05:00', 15, 14, 4),
	(127, '2024-01-08', '2024-01-08', '12:30:00', '18:30:00', 14, 7, 5),
	(128, '2024-01-06', '2024-01-06', '17:45:00', '23:45:00', 13, 11, 20),
	(129, '2024-01-02', '2024-01-02', '8:15:00', '14:15:00', 11, 1, 17),
	(130, '2024-01-07', '2024-01-07', '14:40:00', '20:40:00', 9, 13, 3),
	(131, '2024-01-05', '2024-01-05', '15:30:00', '21:30:00', 8, 5, 22),
	(132, '2024-01-09', '2024-01-09', '9:50:00', '15:50:00', 7, 18, 6),
	(133, '2024-01-03', '2024-01-03', '10:25:00', '16:25:00', 6, 21, 2),
	(134, '2024-01-01', '2024-01-01', '18:10:00', '00:10:00', 5, 16, 8),
	(135, '2024-01-11', '2024-01-11', '13:55:00', '19:55:00', 4, 22, 10),
	(136, '2024-01-12', '2024-01-12', '16:05:00', '22:05:00', 3, 2, 12),
	(137, '2024-01-13', '2024-01-13', '7:40:00', '13:40:00', 2, 3, 9),
	(138, '2024-01-14', '2024-01-14', '12:20:00', '18:20:00', 1, 4, 11),
	(139, '2024-01-30', '2024-01-30', '19:15:00', '01:15:00', 17, 20, 7),
	(140, '2024-01-19', '2024-01-19', '18:05:00', '00:05:00', 5, 13, 4),
	(141, '2024-01-24', '2024-01-24', '13:03:00', '19:03:00', 3, 4, 3),
	(142, '2024-01-13', '2024-01-14', '20:51:00', '02:51:00', 18, 4, 7),
	(143, '2024-01-15', '2024-01-15', '17:19:00', '23:19:00', 21, 6, 12),
	(144, '2024-01-27', '2024-01-28', '20:08:00', '02:08:00', 16, 14, 5),
	(145, '2024-01-22', '2024-01-22', '15:53:00', '21:53:00', 19, 16, 7),
	(146, '2024-01-20', '2024-01-20', '8:45:00', '14:45:00', 15, 1, 13),
	(147, '2024-01-18', '2024-01-18', '11:10:00', '17:10:00', 14, 2, 17),
	(148, '2024-01-17', '2024-01-17', '12:35:00', '18:35:00', 13, 3, 19),
	(149, '2024-01-16', '2024-01-16', '9:20:00', '15:20:00', 12, 5, 15),
	(150, '2024-01-21', '2024-01-21', '10:55:00', '16:55:00', 11, 7, 20),
	(151, '2024-01-25', '2024-01-25', '18:30:00', '00:30:00', 10, 8, 14),
	(152, '2024-01-23', '2024-01-23', '7:00:00', '13:00:00', 9, 9, 18),
	(153, '2024-01-19', '2024-01-19', '15:25:00', '21:25:00', 8, 10, 16),
	(154, '2024-01-26', '2024-01-26', '16:50:00', '22:50:00', 7, 11, 21),
	(155, '2024-01-28', '2024-01-28', '14:15:00', '20:15:00', 6, 12, 22),
	(156, '2024-01-29', '2024-01-29', '13:40:00', '19:40:00', 5, 13, 6),
	(157, '2024-01-30', '2024-01-30', '10:30:00', '16:30:00', 4, 14, 11),
	(158, '2024-01-01', '2024-01-01', '19:05:00', '01:05:00', 3, 15, 2),
	(159, '2024-01-02', '2024-01-02', '8:25:00', '14:25:00', 2, 16, 4),
	(160, '2024-01-03', '2024-01-03', '17:45:00', '23:45:00', 1, 17, 8),
	(161, '2024-01-08', '2024-01-08', '8:53:00', '14:53:00', 14, 5, 20),
	(162, '2024-01-28', '2024-01-28', '7:42:00', '13:42:00', 18, 15, 11),
	(163, '2024-01-03', '2024-01-03', '11:47:00', '17:47:00', 9, 13, 21),
	(164, '2024-01-04', '2024-01-04', '10:52:00', '16:52:00', 3, 12, 11),
	(165, '2024-01-17', '2024-01-17', '17:08:00', '23:08:00', 10, 18, 17),
	(166, '2024-01-15', '2024-01-15', '9:06:00', '15:06:00', 4, 7, 1),
	(167, '2024-01-12', '2024-01-12', '16:30:00', '22:30:00', 6, 2, 14),
	(168, '2024-01-29', '2024-01-29', '18:15:00', '00:15:00', 2, 9, 16),
	(169, '2024-01-01', '2024-01-01', '14:20:00', '20:20:00', 7, 11, 3),
	(170, '2024-01-02', '2024-01-02', '7:33:00', '13:33:00', 5, 8, 10),
	(171, '2024-01-05', '2024-01-05', '12:58:00', '18:58:00', 8, 16, 6),
	(172, '2024-01-06', '2024-01-06', '10:44:00', '16:44:00', 1, 4, 19),
	(173, '2024-01-07', '2024-01-07', '15:17:00', '21:17:00', 11, 20, 2),
	(174, '2024-01-09', '2024-01-09', '13:02:00', '19:02:00', 12, 17, 21),
	(175, '2024-01-10', '2024-01-10', '8:19:00', '14:19:00', 13, 3, 5),
	(176, '2024-01-11', '2024-01-11', '19:40:00', '01:40:00', 15, 14, 4),
	(177, '2024-01-13', '2024-01-13', '11:25:00', '17:25:00', 16, 6, 18),
	(178, '2024-01-14', '2024-01-14', '9:50:00', '15:50:00', 17, 1, 7),
	(179, '2024-01-16', '2024-01-16', '14:07:00', '20:07:00', 19, 22, 9),
	(180, '2024-01-18', '2024-01-18', '10:35:00', '16:35:00', 20, 10, 8),
	(181, '2024-01-09', '2024-01-09', '16:13:00', '22:13:00', 5, 14, 11),
	(182, '2024-01-28', '2024-01-28', '7:18:00', '13:18:00', 10, 15, 3),
	(183, '2024-01-15', '2024-01-15', '16:22:00', '22:22:00', 18, 21, 9),
	(184, '2024-01-21', '2024-01-21', '8:52:00', '14:52:00', 9, 4, 10),
	(185, '2024-01-15', '2024-01-15', '16:38:00', '22:38:00', 21, 6, 12),
	(186, '2024-01-12', '2024-01-12', '9:07:00', '15:07:00', 7, 8, 17),
	(187, '2024-01-20', '2024-01-20', '14:45:00', '20:45:00', 6, 13, 5),
	(188, '2024-01-23', '2024-01-23', '11:33:00', '17:33:00', 4, 22, 1),
	(189, '2024-01-16', '2024-01-16', '13:20:00', '19:20:00', 3, 10, 19),
	(190, '2024-01-18', '2024-01-18', '10:50:00', '16:50:00', 2, 20, 7),
	(191, '2024-01-17', '2024-01-17', '15:05:00', '21:05:00', 1, 16, 12),
	(192, '2024-01-19', '2024-01-19', '12:28:00', '18:28:00', 8, 11, 2),
	(193, '2024-01-11', '2024-01-11', '17:36:00', '23:36:00', 11, 9, 14),
	(194, '2024-01-10', '2024-01-10', '7:45:00', '13:45:00', 12, 3, 18),
	(195, '2024-01-22', '2024-01-22', '18:11:00', '00:11:00', 13, 7, 4),
	(196, '2024-01-24', '2024-01-24', '9:50:00', '15:50:00', 14, 1, 6),
	(197, '2024-01-25', '2024-01-25', '14:23:00', '20:23:00', 15, 5, 8),
	(198, '2024-01-26', '2024-01-26', '11:39:00', '17:39:00', 16, 2, 13),
	(199, '2024-01-27', '2024-01-27', '8:04:00', '14:04:00', 17, 19, 20),
	(200, '2024-01-30', '2024-01-30', '10:28:00', '16:28:00', 19, 12, 16);


	
REPLACE INTO `trajet` (`id`, `start_date`, `arrival_date`, `start_hour`, `arrival_hour`, `id_train`, `id_start_city`, `id_arrival_city`,  `nb_premium_reserved`, `nb_standard_reserved`, `nb_first_reserved`) VALUES
	(201, '2024-01-26', '2024-01-26', '11:39:00', '17:39:00', 2, 2, 13, 200, 300, 100),
	(202, '2024-01-27', '2024-01-27', '8:04:00', '14:04:00', 2, 19, 20, 200, 300, 100),
	(203, '2024-01-30', '2024-01-30', '10:28:00', '16:28:00', 3, 12, 16, 200, 300, 100);
	
	
	
-- Listage de la structure de table web_service_project_mk_lm. type_class
CREATE TABLE IF NOT EXISTS `type_class` (
  `id` int NOT NULL AUTO_INCREMENT,
  `name` varchar(50) DEFAULT NULL,
  PRIMARY KEY (`id`)
) ENGINE=InnoDB AUTO_INCREMENT=4 DEFAULT CHARSET=utf8mb4 COLLATE=utf8mb4_0900_ai_ci;

-- Listage des données de la table web_service_project_mk_lm.type_class : ~3 rows (environ)
REPLACE INTO `type_class` (`id`, `name`) VALUES
	(1, 'First'),
	(2, 'Premium'),
	(3, 'Standard');
	
CREATE TABLE IF NOT EXISTS `reservation` (
  `id` INT NOT NULL AUTO_INCREMENT,
  `id_client` INT NOT NULL,
  `id_trajet` INT NOT NULL,
  `classe` ENUM('First', 'Premium', 'Standard') NOT NULL,
  `nombre_places` INT NOT NULL,
  `date_reservation` TIMESTAMP DEFAULT CURRENT_TIMESTAMP,
  PRIMARY KEY (`id`),
  KEY `id_client` (`id_client`),
  KEY `id_trajet` (`id_trajet`),
  CONSTRAINT `reservation_ibfk_1` FOREIGN KEY (`id_client`) REFERENCES `client` (`id`),
  CONSTRAINT `reservation_ibfk_2` FOREIGN KEY (`id_trajet`) REFERENCES `trajet` (`id`)
) ENGINE=InnoDB DEFAULT CHARSET=utf8mb4 COLLATE=utf8mb4_0900_ai_ci;

/*!40103 SET TIME_ZONE=IFNULL(@OLD_TIME_ZONE, 'system') */;
/*!40101 SET SQL_MODE=IFNULL(@OLD_SQL_MODE, '') */;
/*!40014 SET FOREIGN_KEY_CHECKS=IFNULL(@OLD_FOREIGN_KEY_CHECKS, 1) */;
/*!40101 SET CHARACTER_SET_CLIENT=@OLD_CHARACTER_SET_CLIENT */;
/*!40111 SET SQL_NOTES=IFNULL(@OLD_SQL_NOTES, 1) */;
